lculate the highest common divisor of 180 and 231210.
90
Calculate the highest common factor of 468 and 1924182.
234
What is the greatest common factor of 1197 and 475?
19
What is the greatest common factor of 13098 and 1121?
59
What is the greatest common divisor of 126 and 659358?
126
Calculate the greatest common divisor of 323 and 97274.
17
Calculate the greatest common factor of 6517 and 196.
49
What is the greatest common factor of 22050 and 120?
30
Calculate the greatest common factor of 297674 and 856.
214
What is the highest common divisor of 522767 and 322?
161
What is the highest common divisor of 71781 and 5325?
213
Calculate the greatest common factor of 6863896 and 248.
248
What is the highest common divisor of 57 and 132259?
19
What is the highest common factor of 234 and 79209?
117
What is the highest common divisor of 1037 and 11764?
17
What is the highest common factor of 22 and 101937?
11
What is the greatest common divisor of 1407542 and 30446?
2342
What is the greatest common divisor of 21840 and 3255?
105
What is the highest common factor of 2781 and 1737?
9
What is the greatest common factor of 20 and 72040?
20
Calculate the greatest common divisor of 15755 and 128095.
685
What is the greatest common divisor of 773376 and 3840?
768
What is the greatest common divisor of 11385 and 734712?
759
What is the highest common factor of 840 and 1239?
21
What is the greatest common factor of 110464 and 512?
128
What is the greatest common divisor of 677 and 23?
1
What is the highest common divisor of 343 and 3080?
7
What is the greatest common factor of 26130 and 2412?
402
What is the greatest common divisor of 174510 and 630?
630
What is the greatest common divisor of 17810 and 585?
65
What is the highest common factor of 14421667 and 278?
139
Calculate the greatest common factor of 7216 and 255184.
656
What is the highest common divisor of 48 and 1959?
3
What is the greatest common divisor of 47082 and 4366?
118
Calculate the greatest common factor of 432 and 933822.
54
Calculate the highest common divisor of 977499 and 63.
9
Calculate the highest common divisor of 85583 and 1518.
23
Calculate the greatest common factor of 2446 and 50.
2
What is the greatest common factor of 113498 and 56?
14
What is the highest common divisor of 2951 and 11350?
227
What is the highest common factor of 25056 and 6372?
108
Calculate the greatest common factor of 1674 and 81.
27
What is the highest common divisor of 66 and 9009?
33
What is the greatest common divisor of 410843 and 2697?
899
What is the greatest common factor of 98087 and 74?
37
Calculate the highest common factor of 294 and 1056.
6
What is the greatest common factor of 415 and 30?
5
What is the greatest common factor of 540607 and 57?
19
What is the highest common factor of 705 and 17470605?
705
Calculate the highest common divisor of 88081 and 63.
7
Calculate the highest common divisor of 848 and 10896.
16
What is the greatest common divisor of 72018 and 54?
18
Calculate the highest common factor of 6624 and 85824.
288
What is the greatest common divisor of 1442 and 5463017?
721
Calculate the highest common factor of 97435 and 377.
13
Calculate the highest common divisor of 19350 and 1914575.
1075
What is the greatest common divisor of 378 and 717948?
126
Calculate the highest common factor of 133 and 2296.
7
Calculate the greatest common factor of 722 and 757378.
722
Calculate the highest common divisor of 2 and 624144.
2
Calculate the highest common divisor of 1216260 and 290.
290
What is the greatest common divisor of 13404552 and 168?
168
Calculate the highest common divisor of 41873 and 494.
13
What is the greatest common factor of 24 and 6834?
6
What is the greatest common factor of 63539 and 49?
7
Calculate the greatest common divisor of 62866 and 45322.
1462
What is the highest common divisor of 2484 and 69957?
27
What is the highest common divisor of 90250 and 750?
250
What is the highest common factor of 361 and 7353?
19
What is the highest common divisor of 440 and 149336?
88
Calculate the highest common factor of 7756880 and 40.
40
What is the highest common divisor of 79486 and 121?
11
What is the highest common divisor of 288524 and 1428?
68
What is the highest common factor of 53741 and 13215?
881
Calculate the greatest common divisor of 1807 and 199.
1
Calculate the highest common divisor of 88 and 1424.
8
What is the greatest common divisor of 506 and 1357?
23
Calculate the greatest common divisor of 200 and 140200.
200
What is the greatest common factor of 1020 and 3255?
15
What is the greatest common divisor of 287 and 6522649?
287
What is the highest common divisor of 4879 and 187?
17
What is the highest common divisor of 154 and 40502?
154
Calculate the highest common divisor of 1440 and 24135.
15
Calculate the greatest common divisor of 2591 and 86.
1
What is the highest common divisor of 816 and 185808?
48
What is the greatest common divisor of 292 and 273750?
146
Calculate the greatest common divisor of 32928 and 64.
32
What is the greatest common divisor of 639031 and 79?
79
What is the greatest common factor of 19160 and 12660?
20
Calculate the greatest common factor of 2056 and 6939.
257
What is the highest common factor of 217 and 4494?
7
What is the greatest common factor of 4344 and 33696?
24
Calculate the greatest common divisor of 55 and 196438.
11
What is the highest common factor of 672 and 320992?
224
Calculate the greatest common factor of 598980 and 30.
30
What is the greatest common divisor of 6264 and 11687?
29
What is the greatest common factor of 1346304 and 176?
16
What is the greatest common divisor of 207 and 20838?
69
What is the highest common divisor of 109956 and 68?
68
Calculate the greatest common divisor of 88370 and 20.
10
What is the greatest common divisor of 674 and 3?
1
What is the highest common divisor of 20 and 20756?
4
Calculate the highest common divisor of 1910 and 245.
5
Calculate the highest common divisor of 564 and 60207.
141
Calculate the greatest common divisor of 1015005 and 30.
15
What is the highest common factor of 8694 and 213570?
378
What is the greatest common divisor of 88 and 42152?
88
Calculate the highest common divisor of 16377 and 1643.
53
What is the highest common divisor of 17809 and 352?
11
What is the greatest common divisor of 12475 and 35429?
499
What is the greatest common factor of 4102 and 280?
14
What is the greatest common divisor of 144807 and 19513?
1027
Calculate the greatest common factor of 8106 and 98.
14
What is the greatest common factor of 5757195 and 15?
15
Calculate the highest common divisor of 127881 and 117.
117
Calculate the greatest common divisor of 1916 and 212.
4
What is the highest common factor of 232 and 67744?
232
What is the highest common divisor of 110898 and 4941?
549
What is the highest common divisor of 5048 and 488?
8
What is the greatest common divisor of 12300 and 64?
4
Calculate the greatest common divisor of 152 and 2240.
8
What is the greatest common factor of 12069 and 252?
9
What is the greatest common divisor of 540 and 117090?
90
What is the highest common divisor of 1992 and 3972?
12
What is the highest common divisor of 3950 and 697570?
790
What is the greatest common factor of 131726 and 7?
7
Calculate the greatest common factor of 22 and 194414.
22
What is the highest common divisor of 60434 and 82?
82
Calculate the greatest common divisor of 61670 and 20.
10
What is the highest common factor of 5864 and 136?
8
Calculate the greatest common factor of 48925 and 124115.
515
What is the greatest common divisor of 1076 and 292?
4
Calculate the highest common factor of 59383 and 129.
43
Calculate the greatest common factor of 192 and 60690.
6
Calculate the greatest common divisor of 186373 and 253.
11
Calculate the highest common divisor of 264 and 11418.
66
What is the greatest common factor of 650881 and 11?
11
What is the greatest common factor of 524576 and 80?
16
Calculate the greatest common divisor of 1936 and 40744.
88
Calculate the highest common divisor of 154315 and 105.
35
What is the greatest common divisor of 27032 and 155?
31
Calculate the greatest common factor of 10 and 3716.
2
Calculate the highest common divisor of 1866618 and 